ite number?
True
Suppose 0 = b + 4*c - 68525, 0 = 4*b - 2*c - 211044 - 63092. Is b a prime number?
False
Let z(k) = -2*k**2 + 10*k + 6. Let g be z(5). Is (g + -7)/(2/(-8)) + 2715 a prime number?
True
Let x = 10225 + -6758. Suppose 2*j + 2*j = 4*v + 3472, -3*v = -4*j + x. Is j composite?
False
Is (674/(-2359))/(2/(-296359)) composite?
False
Let s(y) = -2*y - 9. Let c be s(-9). Let q be c/6 - 3/(-6). Is (q/(-2*1))/((-6)/31470) composite?
True
Is 1379053551/826 + 15/(-10) + (-2)/(-14) composite?
True
Let z(s) = 319*s + 27. Let g = 108 + -100. Is z(g) composite?
False
Let a(r) be the first derivative of -5*r**2 + 97*r - 1. Suppose -5*w - 1269 = -1274, 0 = -s - 4*w - 24. Is a(s) a prime number?
False
Suppose -31*l = -2066527 - 147846 - 773314. Is l a prime number?
True
Suppose -s = -2*u + 2 + 8, 3*u - 3 = 0. Is -322*(3 - ((-60)/s - 4)) prime?
False
Let y be -2 + -2 + (-6 - -15). Suppose 8142 = l + y*l. Is l a prime number?
False
Suppose -5*y + 5*a = 3*a + 567, -5*y = 4*a + 561. Let k = 1039 + y. Is k a prime number?
False
Is (-9 - -7) + (7817 - -2) a prime number?
True
Let l = -7 + 25. Suppose 3*s + l = 3*x, 2*x + 3*s + 4 = 1. Suppose x*g - 3163 = 3284. Is g a prime number?
False
Let r = 16700 - 23884. Let s = r + 11025. Is s composite?
True
Let d = 3330 - 2657. Is d a composite number?
False
Let t(d) = 2*d**2 + 63*d + 33. Let h be t(-31). Is (h + -7 - -2324) + 2*-1 prime?
False
Let y be (175/14)/((-6)/(-18660)). Suppose 12*f - y = -5047. Is f a prime number?
True
Suppose 62*x - 53*x = 234207. Let r = x - 17826. Is r a prime number?
False
Is ((-1900379)/24 + 10/80)*-3 a composite number?
False
Is (4/2*-1)/(12 - 525633540/43802790) prime?
False
Let o be (-1 - (-5 + 4)) + 6. Is 31784/o + (-18)/54 a prime number?
True
Let x(d) = d**3 - 11*d**2 - 3*d + 37. Let m be x(11). Suppose 329 = m*u - 3043. Is u a prime number?
False
Let p(g) = 7*g**2 + 196*g - 2714. Let o be p(13). Let w = 2 + 1. Suppose -w*m + 530 = -4*i - o, 4*i = 16. Is m a composite number?
False
Suppose 2220 = 5*h - 440. Let r = h + -342. Let a = 275 - r. Is a a composite number?
True
Suppose 59*t = 50*t + 185994. Let r = t - 14479. Is r prime?
False
Suppose 2*r = -6*m + 5*m - 7, 0 = -4*r + 5*m - 21. Let x = r + 15. Suppose 3*l = x*l - 2008. Is l composite?
False
Suppose 19 = 11*q - 3. Suppose -w = -3*j + 11062, -q*j - j = -2*w - 11066. Suppose -39 = 7*m - j. Is m a prime number?
True
Let n = 3168 + -1386. Suppose 2*r = 5*i - 4395, -3*i + 2*r - 5*r = -2637. Suppose -2*u - n = -0*d - 2*d, d = -5*u + i. Is d a composite number?
True
Let u = 65 - 60. Suppose -15 + 15 = -u*z. Suppose m + 3*m - 1284 = z. Is m a prime number?
False
Let d be ((-40)/25)/(3/(-15)). Let l be 39/12 + 6/d. Suppose 5*n - 1099 = l*n. Is n a prime number?
False
Let m be (1 + 4/(-6))*9. Let h be (741/(-228))/((-1)/732). Suppose y + b = 794, -m*y - 3*b = -b - h. Is y a prime number?
False
Let l be (-172)/(-86)*70/4. Suppose -l*b = 4*s - 31*b - 45860, 5*s - 5*b - 57345 = 0. Is s a composite number?
False
Let o = 784485 + 134978. Is o prime?
False
Let w be ((-61686)/24 - 3 - 3)*4. Let m = w + 24896. Is m prime?
True
Let b be -2 + (-4146)/9*12. Let k = 9507 + b. Is k a composite number?
True
Let a = -32 - -88. Is 3 - a/20 - (-12170)/25 a prime number?
True
Suppose 0 = 4*z + 37 + 55. Let k(c) = -179*c + 52. Is k(z) composite?
True
Let t(a) = -5*a - 107. Let g be t(-22). Suppose 9612 + 19747 = 5*m + g*c, -c = -3*m + 17621. Is m a prime number?
False
Suppose -20*m - 4 = -22*m. Suppose -4*u - 2303 = -5*x + 1782, x - 831 = -m*u. Is x prime?
True
Let p = 331 + -330. Is (2969 - -2)/(0 + p + 0) a composite number?
False
Let x = -62 + 70. Let h be (-48)/(-32)*x/(-6). Is 230322/54 + h/9 a composite number?
True
Let x = 1601 + 1156. Let j = -1816 + x. Is j a prime number?
True
Let k = 115 + -98. Suppose -5292 = -k*i + 27110. Suppose -5*z = -i - 7779. Is z composite?
True
Let i(y) be the third derivative of y**5/30 + 11*y**4/24 - 5*y**3/6 - 16*y**2. Let n be i(-6). Is 645 + -17 + 3*n a composite number?
False
Is ((-5)/(-2) - 2)/((-3)/(-149046)) a prime number?
True
Let i(r) = -21*r - 18. Let f(v) = -2*v. Let g(c) = 2*f(c) + i(c). Suppose 2*h - 62 = 4*w - h, -h + 15 = -w. Is g(w) a prime number?
False
Suppose 4*s - 10298 = -0*s + d, 0 = -2*d + 4. Suppose -2*g = 4*m - g - 2060, -5*m + s = 4*g. Suppose -4*w + m = w. Is w a prime number?
True
Let m(b) = 66*b + 9. Let z be m(-6). Let t(x) = -9*x**3 + x**2 - 3*x - 2. Let o be t(4). Let v = z - o. Is v composite?
True
Let x = 92 - 2574. Let h = -4353 - x. Let y = 2985 + h. Is y prime?
False
Let p(w) = 89*w + 31. Suppose -3 = 5*l + 2, -5*b + 3*l + 58 = 0. Let m be p(b). Let f = m - 453. Is f a composite number?
False
Suppose -3630 = 2*x - 5*u - 12658, -4*x + 3*u + 18042 = 0. Let i = x - 794. Suppose -5*v = 2*r - i, 4*v - 3*r = -6*r + 2972. Is v prime?
True
Is ((18/15)/6)/(43/196216095) prime?
False
Let k(x) = x**2 + 17*x - 32. Suppose 0 = n + 5*g - 6, n - 3*g + 91 = -3*n. Let v be k(n). Suppose 13*a - 2905 = v*a. Is a composite?
True
Is ((-33)/66)/(-3*3/850482) a composite number?
True
Suppose 24 = -29*a - 5. Let q(n) be the first derivative of -29*n**2 + n + 2. Is q(a) prime?
True
Suppose 81*t - 41*t = 14752280. Is t composite?
True
Suppose -769*v = -840*v + 4806771. Is v a prime number?
False
Let q(k) = -4*k**3 + 3*k**2 - 4*k + 1. Let t be q(-4). Let m(i) = -3*i**2 - i. Let p be m(-7). Let h = p + t. Is h a prime number?
True
Let b(q) = -7*q - 1 - 65*q - 12*q + 27. Let o be b(-19). Suppose 4*x = 2*y - 10066, -4*y + x + o = -18510. Is y a prime number?
False
Let k = 19 - 2. Suppose -12*p = -k*p + 25. Let x(o) = 9*o**2 - 2*o + 6. Is x(p) composite?
True
Let x = -7727 - -29785. Is (-12)/((-12)/3) - (7 - x) a prime number?
False
Suppose 5*z - 291 + 2416 = 0. Let c = 2031 + -1259. Let g = c + z. Is g prime?
True
Let k = -14 - -18. Suppose 1490 = 5*j - 2*b + 7*b, 5*b - 1196 = -k*j. Suppose -1191 = -3*o - j. Is o a composite number?
True
Let p = -45 - -40. Is 5 - (-4272 - (1 - p)) a prime number?
True
Let r be 155/9 + 5/(135/(-6)). Let p = 2950 + -829. Suppose 650 = r*t - p. Is t a prime number?
True
Let i(w) = 4*w**2 + 2*w - 7. Let z be 303/12 - (-3)/(-12). Let q be (-15)/z + (-99)/(-15). Is i(q) prime?
True
Is (18/60 + 2/10)/((-8)/(-1445648)) composite?
False
Suppose 3*f + 2*f = v - 41462, -v + 41490 = -f. Is v a prime number?
False
Is (-2 + 1)/4 - ((-31641225)/60)/11 a prime number?
False
Suppose -4*v = 2*u + 30, 2*u = 3*v + 14 - 16. Is u/(35/(-54983)) - 6/(-15) a composite number?
True
Suppose -931769 = -5*x - 174*c + 170*c, -186356 = -x - 3*c. Is x a prime number?
False
Let i(q) = -12*q**2 - 3*q - 2. Let m be i(-1). Let w be 1 + -2 - (-978 - 1). Is w/12*(-1 - m) composite?
True
Is (-2)/(-3)*(-4354152)/(-176) a prime number?
True
Suppose -a = 2*n - 7, 4*n + 3*a - 1 = 8*n. Suppose -l - 3*r + n*r = 1098, l = 4*r - 1098. Let u = l + 2417. Is u prime?
True
Is -4 - (-13 + -1 + 125119)*-1*1 prime?
True
Let r be 5*3*82/410. Let n(h) = 9*h**2 - 2*h + 1. Let i be n(1). Suppose -r*l - 3485 = -i*l. Is l a prime number?
False
Suppose 3*w - 2568636 = -15*k, 10*k = -3*w + 13*k + 2568726. Is w composite?
False
Let n = 17 + -1. Suppose 2 = -m - 0*m + 5*x, 5*m + x - n = 0. Suppose m*h = -15, 4895 + 978 = 2*i + h. Is i a composite number?
False
Let m(o) be the second derivative of -105*o**4/4 - 5*o**3/6 - 14*o. Let k be m(-4). Is (-2)/10*k/(-8)*-2 a prime number?
True
Suppose -5*k = 3*g + 40, -22 = 2*k - 2*g - 6. Is (-2 - (-3230)/k)*200/(-30) prime?
False
Is ((-1)/2)/(8*7/(-28334992)) prime?
False
Let c(p) = 6*p**2 + p - 1. Suppose 3*j - 4*t = 23, 4*t + 25 = -3*j + 8*j. Let n be c(j). Is (1002/(-8) - -1)/(n/(-24)) composite?
True
Suppose 7*d + 14 - 28 = 0. Suppose 3*f + v - 65 = 29, -5*v = d*f - 67. Is f a composite number?
False
Let f be (-86211)/(-4) - (10 + (-148)/16). Let o = 33035 - f. Is o a composite number?
False
Is (38/(-912)*318)/((-2)/8) a prime number?
True
Let b = -680 + 2479. Is b a prime number?
False
Let u(i) = i**3 - 31*i**2 - 43*i + 20. Is u(53) prime?
True
Let m be 15/(-60) + (-26)/(-8). Suppose 0*q = -m*q + 4*t + 6487, t = q - 2163. Is q composite?
True
Let t = -2349 + 2581. Let p = 317 - -402. Suppose -y = -t - p. Is y a composite number?
True
Let h(o) = 18317*o**2 + 135*o + 817. Is h(-6)